e factors of y.
2, 3
Let x be (-1371)/(-18) + (-3)/18. Let h = x + -14. List the prime factors of h.
2, 31
Let n(b) = 5*b**2 - 39*b - 75. What are the prime factors of n(15)?
3, 5, 31
Let l(y) = 4*y**2 + y**3 - 10 + 19 + y - 6. What are the prime factors of l(-2)?
3
Suppose 631 + 267 = 2*i. What are the prime factors of i?
449
Let d = 14 - 13. Let b be -2*(15/(-6) + d). Suppose -2*l = -2*v + 2*l, -b*v = l - 28. List the prime factors of v.
2
Suppose -41*b + 7015 = -10738. What are the prime factors of b?
433
Let r(h) = h**3 - 7*h**2 + 5*h - 1. Let a be r(7). Suppose -36*k = -a*k - 130. What are the prime factors of k?
5, 13
Let u(s) = s**3 + 4*s**2 + 4*s - 2. Let t be u(-6). List the prime factors of 36/7*t/(-21).
2, 3
Let b(f) = -31*f. Let u be b(-4). Let z(s) = s**3 - 8*s**2 - 5*s - 25. Let g be z(8). Let v = g + u. List the prime factors of v.
59
Let s(y) = -121*y - 2. Let f be s(-5). Let t be 4/(-26) - f/(-117). Suppose -5*u + 5*k + 143 = -27, t*u = 4*k + 172. What are the prime factors of u?
2, 3
Suppose -84 = -y + q + 21, 0 = -y - 3*q + 117. Let d = 160 - y. List the prime factors of d.
2, 13
Let p be (-8)/(-3)*(1 - 11/(-4)). List the prime factors of (1/(-2))/(p/30)*-18.
3
Suppose -3*f = 25*a - 22*a - 945, 0 = 4*f + 3*a - 1264. List the prime factors of f.
11, 29
Suppose -13242 = 125*j - 131*j. What are the prime factors of j?
2207
Let y(g) = g**2 - 13*g + 14. Let f be y(11). What are the prime factors of ((-387)/(-4))/1 + 6/f?
2, 3
Let w be (1/1)/(-1) + 3. Suppose n + 2*m = 23, -n = -w*m - 5 - 6. What are the prime factors of n?
17
Suppose 21*y = 17*y - 3*j + 18653, 0 = 4*y - 2*j - 18678. What are the prime factors of y?
13, 359
Suppose -l - 54 = -2*l - 2*r, 2*l - 3*r - 143 = 0. Suppose -a + l = -2*n, 70 = a + n - 6. What are the prime factors of a?
2, 3
Let r be (1 + -1)/(4/4). Suppose r = -o - 4*o. List the prime factors of 57 - 1 - (1 + o).
5, 11
Let b = 1710 + -923. What are the prime factors of b?
787
Suppose 99560 = 28*q + 10*q. What are the prime factors of q?
2, 5, 131
Suppose -15*o = -14*o - 340. What are the prime factors of o?
2, 5, 17
Let i(n) = -2*n**3 - 4*n**2 + 15*n + 10. Let t be i(-5). Let a = 33 + t. List the prime factors of a.
2, 59
Let x(k) = -k**2 - k. Let b be x(-1). Suppose 2*i + 0*i = -q + 23, 0 = 2*i + 2*q - 28. Suppose b*n + n - i = 0. What are the prime factors of n?
3
Let n be (-2)/4 - (-5)/(-2). Let f(s) = -s**3 - s**2 + s + 2. List the prime factors of f(n).
17
Let t(l) = -l**3 + 13*l**2 + 14*l + 10. Let g be t(14). Suppose -n - 37 = 4*a, 3*a + 3*n + 40 = g. What are the prime factors of ((-4)/(-1) - a)*1?
13
Suppose -3*i = 3*i - 18. Suppose -5 = i*x + 31. Let v = 30 + x. List the prime factors of v.
2, 3
Let q be (-11 - (-2 + 1))*-13. Let h be q/8 - 1/4. Suppose -4*z + h = 2*j, 3*j - 3*z + 6 = z. What are the prime factors of j?
2
Let b(a) = a**3 - 9*a**2 + 8*a + 6. Let l = -12 - -12. Suppose l*k + 32 = 4*k. List the prime factors of b(k).
2, 3
Let t(u) = u**2 - 21*u - 75. What are the prime factors of t(39)?
3, 11, 19
Let a(w) = 3 - w + 3*w + 4*w - 4*w. Let k be a(4). Suppose j = 34 - k. What are the prime factors of j?
23
Suppose -2*d = 10, 5*y + 3*d + 199 + 226 = 0. Let a = 103 + y. List the prime factors of a.
3, 7
Let y = -35 - -41. Suppose -5*s + 34 = -y. What are the prime factors of (-3133)/(-52) + 6/s?
61
Suppose 4*t = 4*x - 3708, -2*t = 3*x - 428 - 2368. List the prime factors of x.
2, 3, 5, 31
Let g be (-88)/(-33) - (-2)/6. Suppose -g*m - 5*m = -128. What are the prime factors of m?
2
Suppose -29*a = -32*a - 108. Let i = a - -84. List the prime factors of i.
2, 3
Let r(p) = 3*p**2 + 12*p - 5. Let v be r(12). Suppose -4*h + v = -5*a, 313 = 2*h - 0*a + 3*a. What are the prime factors of h?
149
Suppose 2*n + b = -4*b - 30, 4*b + 8 = 0. Let x(h) = -h**3 - 11*h**2 - 6*h + 8. Let l be x(n). List the prime factors of 1*(l/(-2) + 3).
19
Let n = -8 - -10. Let k be -12*(0 - 19/n). Suppose -8*z + 5*z = -k. What are the prime factors of z?
2, 19
Suppose 3*y + 2 = 5*l, 4*y + 5*l - 32 = 3*l. Let x(b) = -4*b + b + 7*b. List the prime factors of x(y).
2, 3
Let d be 2/(-3) + (-3)/9. Let n(v) = 5 + 0 - 2*v - 3 + v. List the prime factors of n(d).
3
Suppose -1211 = -4*j - 5*f, -7*f - 638 = -2*j - 3*f. Suppose -2*w + 5*w = j. What are the prime factors of w?
103
Let b(y) = 5*y**2 + 36*y - 47. What are the prime factors of b(27)?
2, 5, 457
Let p be 8/(-6) + 39/9. Suppose 156 = 2*k + 3*j, k = -k + p*j + 144. List the prime factors of k.
3, 5
Let k = 13 + 21. Let m(x) = -x**3 - 10*x**2 - 10*x - 16. Let y be m(-10). Suppose 2*s - k - y = 0. What are the prime factors of s?
59
Let n(v) = -23*v + 57. What are the prime factors of n(-15)?
2, 3, 67
Suppose -o + 5*n + 742 = 0, 3*n - 3626 = -7*o + 2*o. What are the prime factors of o?
727
List the prime factors of (-16)/(-2)*(8 + (-1170)/(-40)).
2, 149
Let x = 413 - 206. Suppose 2*d - 164 = 3*c, 5*d + x = -4*c + 617. What are the prime factors of d?
2, 41
Let h(x) = 49*x**2 + 21*x - 98. List the prime factors of h(4).
2, 5, 7, 11
Suppose -824 = -3*p + 232. Suppose -k + 2*k = -3*d + 62, 0 = 5*k + d - p. Suppose 4 = 2*w - 0, -h + w = -k. List the prime factors of h.
73
Suppose -4*b - 6 = 10. Let y be b + (-60 - -2)/(-1). Suppose 4*c - 135 = d, -4*c + y = -5*d - 61. What are the prime factors of c?
5, 7
Let v = 22 - 20. Suppose 570 = 12*i - v*i. What are the prime factors of i?
3, 19
Let g be (-6 - 12/(-4)) + 38. Let m be 2/(-7) - (-185)/g. Suppose -2*s = -m*s + 84. List the prime factors of s.
2, 7
Let j(p) = 30*p**2 - 14*p + 33. What are the prime factors of j(5)?
23, 31
Let r(d) = d**3 + 9*d**2 - 11*d - 6. Let k(w) = 4*w - 18. Let q be k(8). Let i be q/63 + (-92)/9. What are the prime factors of r(i)?
2
Suppose 235 = 2*g - 5*s, -g + 5*s - 265 = -3*g. Suppose -505 - g = -5*d. List the prime factors of d.
2, 3, 7
Suppose 9 = 19*x - 16*x. Suppose 3*i = x*d - 60, 0 = -4*d - 0*i - 4*i + 80. List the prime factors of d.
2, 5
List the prime factors of 6 + 12/18*1*5235.
2, 19, 23
Let p(r) be the second derivative of 13/12*r**4 - 1/2*r**2 + 5*r + 2/3*r**3 + 0. What are the prime factors of p(-2)?
43
Let i(x) = 5*x**3 - 6*x**2 - 3*x + 6. Let l be i(5). Let h = l + -325. What are the prime factors of h?
3, 47
Suppose x + x - 36 = 0. Suppose -3*z = 4*y - x - 5, -z = y - 6. Suppose -y - 5 = -h. List the prime factors of h.
2, 5
Let b(a) = 2*a - a**2 - 2 - 7*a + 2*a - 2*a. Let x be b(-3). List the prime factors of x/1*(-6 - -7).
2
Suppose -8*f - 296 = -12*f. Let k = f + -71. List the prime factors of k.
3
Let m(x) = x**3 - 6*x**2 + x - 12. Let p be m(6). What are the prime factors of 180 - ((-3 - -7) + p)?
2, 7, 13
Let p(y) = y**2 - 13*y - 34. Let s be p(15). What are the prime factors of (318/s)/(8/(-16))?
3, 53
Let q be (1239/14)/(6/4). Suppose -4*h = -217 - q. What are the prime factors of h?
3, 23
Let h(a) = -135*a**3 - 5*a**2 - 8*a + 5. Let p(b) = 90*b**3 + 3*b**2 + 5*b - 3. Let x(c) = 5*h(c) + 8*p(c). List the prime factors of x(1).
3, 5
Suppose -2*y - 26 = -4*l, -y = 4*y + 25. Suppose g - 4*n = n + 92, l*n = -3*g + 200. What are the prime factors of g?
2, 3
Let q(p) = 3 + 7*p - 2*p - 3*p**2 + 17*p**3 - 12 - 18*p**3. What are the prime factors of q(-7)?
2, 19
Let z(d) = 5905*d - 22. What are the prime factors of z(1)?
3, 37, 53
Let z(r) = 5*r**2 + 25*r - 56. What are the prime factors of z(16)?
2, 7, 29
Suppose 2*s + 0 = 10. Suppose 4*h + 8 = 5*o + 2*h, 20 = 3*o - s*h. Suppose o*l = -3*l + 51. List the prime factors of l.
17
Suppose -4*x = -3*r - 39, 3*x - 3*r = x + 21. List the prime factors of -1 - (-9)/(x/94).
3, 31
Let l(k) = -k**3 - 4*k**2 - 3*k + 3. Let y be l(-3). Suppose -3*o = -5*g + 66, 2*o = -g + y*g - 24. List the prime factors of g.
3, 5
Suppose 1969 + 4271 = 24*y. List the prime factors of y.
2, 5, 13
Let s(i) = -i**2 + 5*i - 4. Let u be s(4). Suppose -5*j + 4*a + 974 = u, 0 = -4*j - a - 72 + 847. What are the prime factors of j?
2, 97
Suppose 15*c = 207 + 93. List the prime factors of 203 - ((-6)/(-4))/(10/c).
2, 5
Suppose 0 = 33*g - 25865 - 13438. What are the prime factors of g?
3, 397
Let g = -143 + 484. List the prime factors of g.
11, 31
Let t(l) be the first derivative of -7*l**2/2 + 19*l + 1. List the prime factors of t(-14).
3, 13
Let u = 68 + -60. Supp